rmine t(10).
69
Let r(o) = 3*o**2 + 24*o - 7. Let v(z) = -4*z**2 - 5*z. Let y(w) = w**2 - 2*w + 1. Let d(f) = v(f) + 3*y(f). Let x(h) = 5*d(h) + 2*r(h). Determine x(7).
1
Suppose -19 = -3*b - 16. Let h(f) = 103*f - f**2 + f**3 + 2*f**2 + 6*f**2 - b - 97*f. Calculate h(-6).
-1
Let j(r) = r**2 - 6*r - 1. Let d be j(6). Let m(p) = 27*p**2 + 12*p + 21. Let i(w) = 24*w**2 + 11*w + 19. Let b(g) = -10*i(g) + 9*m(g). Calculate b(d).
4
Let j(o) be the third derivative of o**5/60 + 5*o**4/24 - 3*o**3/2 - 2983*o**2. Let h = 1 - 9. Give j(h).
15
Let g(k) = k**2 - 2*k + 1. Let m be g(0). Let c(a) = -34*a**2 + a. Calculate c(m).
-33
Let c(b) = 2*b**2 - 53*b - 34. Let d(q) = 6*q + 2. Let h(x) = -c(x) - 2*d(x). Give h(21).
9
Suppose 3*s - 235 = 35*s + 15*s. Let f(p) = -p**2 - 10*p + 5. Calculate f(s).
30
Let o(b) be the second derivative of -11/2*b**2 + 2*b**3 - 3*b - 1/12*b**4 + 22. Determine o(8).
21
Suppose -5*f - 119 + 359 = 0. Suppose h - f = -2*h. Suppose -4*y + h = -k, -2*y = 4*k - 7*k + 2. Let a(m) = 2*m - 5. Determine a(k).
3
Let i be 2/10 - 648/90. Let y(r) = -r**3 + 8*r**2 - 8*r - 13. Let k(v) = 2*v**3 - 17*v**2 + 19*v + 25. Let j(z) = i*y(z) - 4*k(z). What is j(10)?
-9
Let n(o) = 3*o**2 + 13*o + 5. Let i = -93 + 95. Let s(l) = 3*l**2 + 4*l - 2*l + 12*l + 4 + l**i. Let r(c) = 3*n(c) - 2*s(c). Determine r(-6).
-23
Let x(k) = -12*k + 50*k**2 + 46 + 55*k**2 - 59 - 103*k**2. Calculate x(7).
1
Let v be (-15)/(-21) - (-1273)/(-469). Let t(d) = 11*d**3 - 3*d - 4. What is t(v)?
-86
Let x = -90 - -93. Let z(p) = 21*p**3 - 6*p - 22*p**x + 1 - 3*p**2 + 3*p. Suppose -3*n - 2 = -4*y - 5, -n - 3*y = 12. Give z(n).
10
Let v(m) = m**2 - 4*m - 11. Let d be v(4). Let x = -6 - d. Let b(t) = -5*t**2 - t**3 + 3*t**2 - 4 + t**2 - x*t**2. What is b(-6)?
-4
Let i(z) = z**3 - 19*z**2 - z - 4. Let h(u) = 21*u + 460. Let l be h(-21). Determine i(l).
-23
Let h be (-9393)/(-3069) + 8/(-132). Let r(x) = 3*x**2 + 8*x - 2. Calculate r(h).
49
Let x(w) = 11*w**3 - 15*w**2 - 3*w - 29. Suppose -3*i + 323 = 338. Let j(n) = -7*n**3 + 10*n**2 + 2*n + 19. Let v(t) = i*x(t) - 8*j(t). Give v(5).
-12
Suppose 2*n - 436 = -22*l + 20*l, -5*l - 1100 = -5*n. Let b = -227 + n. Let f(p) = p**2 + 10*p + 7. Calculate f(b).
-9
Let x(g) = -3*g**3 - 22*g**2 - 17*g - 70. Let w be x(-21). Let y(t) = -w*t - 2 - 2 + 18366*t. What is y(-2)?
0
Let z(g) be the third derivative of -g**5/60 + 5*g**4/24 + g**3/3 + g**2 - 8*g + 15. What is z(-6)?
-64
Let t(c) be the third derivative of -c**5/60 - 4*c**3/3 + 314*c**2. Calculate t(-6).
-44
Let k(a) = 2*a + 37. Let z be k(-15). Let g(b) = 36*b**3 - 30*b**3 + 5 + 3 - z. What is g(1)?
7
Suppose -21 = 7*w - 4*w. Let p be 2 - ((-8)/(-2) - w). Let r be 42/p*6/(-7). Let m(y) = y**2 - 7*y + 5. Give m(r).
-7
Let y(o) = o - 5. Let v be y(5). Let b be -2 + v + (0 - 0). Let z(u) = 27*u - 60. Let q(j) = -18*j + 42. Let t(k) = 10*q(k) + 7*z(k). Determine t(b).
-18
Let x(t) be the third derivative of t**7/2520 - t**6/40 + 11*t**5/120 - 23*t**4/12 - 101*t**2. Let v(s) be the second derivative of x(s). Determine v(17).
-6
Let o(t) = 6*t + 1 - 6*t - 2 - 9*t. Suppose -12*c - 126 = -21*c. Let v be ((-3)/(-5))/(4/(6 + c)). Give o(v).
-28
Let i(w) = w**2 + 4*w + 1. Let j be i(-2). Let u = j - -6. Let d(v) be the second derivative of v**5/20 - v**4/6 - v**3/6 - v**2 + 73*v - 2. Determine d(u).
4
Suppose 120*p = 193*p - 876. Let a(u) be the first derivative of u**4/4 - 11*u**3/3 - 6*u**2 - 14*u - 1. What is a(p)?
-14
Let v(k) = -165*k - 656. Let g be (-174)/39 + (-540)/(-1170). What is v(g)?
4
Let m(h) be the second derivative of -1/6*h**3 + 1/2*h**2 - 7/12*h**4 - 2 + 3*h. Suppose -4*r + 2 + 2 = 0. Calculate m(r).
-7
Let o = -384 - -384. Let b be o/(8 + (20/1)/(-4)). Let m(i) = i**3 - i + 24. Determine m(b).
24
Let r(j) = 265*j**2 - j. Let i(m) = -101*m**2. Let u(a) = 5*i(a) + 2*r(a). Give u(1).
23
Let p = 0 + 3. Let s(l) = -8*l + 7. Let n(a) = 9*a - 8. Suppose 2*f + 4*w + 56 = 78, 0 = -2*w + 6. Let k(u) = f*s(u) + 4*n(u). Give k(p).
-9
Let m(i) = 43*i**2 + 6*i + 11. Let n(x) = -2*x**2 - 2*x - 6. Let s(l) = -m(l) - 2*n(l). Give s(1).
-40
Let w(l) = -208*l**2 - 4*l + 4 + 65*l**2 + l**3 + 67*l**2 + 73*l**2. What is w(-4)?
-92
Let j(d) = 3 + 3*d**3 - 4 - d + 2. Let o(n) = 10*n + 98. Suppose 45 = -4*i + 5*u, 20 = 2*u + 18. Let w be o(i). Determine j(w).
-21
Let t(j) = j**3 + 10*j**2 + 18*j - 42. Let d be t(-4). Let p(x) = 3*x**3 + 54*x**2 - x - 21. Give p(d).
-3
Let n(u) = 3*u + 23. Suppose 3*g + 20 + 6 = g. Calculate n(g).
-16
Let k be 85 + (-6 - (1 + -7)). Let g = 89 - k. Let o(s) = 3*s - 2. Give o(g).
10
Let i(t) = -10*t - 13. Let q(s) = -318*s - 4131. Let h be q(-13). What is i(h)?
-43
Let o(f) be the second derivative of -f**3 + 4*f. Suppose z = 3*m - 0 + 17, -z - 2*m + 2 = 0. Suppose u - w = -4, -4*w = u - 13 - z. Give o(u).
-6
Let f(t) = 2*t**2 - 19*t - 5. Let y = -291 - -301. What is f(y)?
5
Let s = -11 - -16. Let j(h) = -2*h**2 - 2*h**3 - s + 6*h**2 + h + h**3. Let i(c) = 4*c**2 - 20*c - 4732. Let k be i(-32). Give j(k).
-1
Let v = 17 - 29. Let j(w) = 31*w**3 + 99*w**2 - 32*w + 67. Let k(r) = 3*r**3 + 10*r**2 - 3*r + 7. Let f(g) = -2*j(g) + 21*k(g). Calculate f(v).
1
Suppose 39*b = 42*b + 3. Let i be (-156)/(-48) + b/4. Let p(q) = -q + 10. Let l(a) = -6. Let t(j) = i*p(j) + 5*l(j). What is t(-3)?
9
Let c(m) = m**3 - 23*m**2 - 25*m + 28. Let r be c(24). Let b be (5 - (-105)/(-20))*r. Let j(o) = -47*o**2 - o. What is j(b)?
-46
Let v(y) = -2*y + 5. Let h(w) = -4 + 8*w + 5 - 21*w + 12*w. Let l(q) = -5*h(q) + 2*v(q). Give l(5).
10
Let y(u) = -1. Let o = 173 - 172. Let m(f) = -2*f**2 - f - 3. Let a(z) = o*m(z) - 3*y(z). Determine a(-2).
-6
Let f(r) be the second derivative of -r**5/20 - r**4/2 - r**3/6 + 7*r**2 + 3082*r. Give f(-4).
-14
Let r(b) = -b - 1. Let m = -19 + 15. Let z be (2/m)/((-4)/(-336)*6). Let q be r(z). Let w(f) = -f + 1. Calculate w(q).
-5
Let r(f) = -f + 1. Let c = -128 + 133. Suppose 0 = c*x - 5*m - 885, m = 3*x - 0*x - 527. Suppose -171*i = -x*i + 8. What is r(i)?
-1
Let g(i) = 370 - 127 - 119 + i**2 - 126 + 6*i. Give g(-3).
-11
Let t be 24/(-1 + 6 - 8*(-91)/(-208)). Let l(o) = o**3 - 18*o**2 + 35*o - 39. What is l(t)?
9
Let l(n) be the first derivative of -41 - 1/2*n**2 + 9*n. What is l(5)?
4
Suppose -6 = 361*p - 363*p. Let j(r) = 8*r + 3*r**2 - 5*r**2 - p*r - 1 + 5*r**3 - 7*r**3 - 6*r. Calculate j(-2).
9
Let i(h) be the third derivative of -h**8/6720 + h**7/630 + h**6/120 - 19*h**5/30 + h**3/6 - 86*h**2. Let a(z) be the third derivative of i(z). Calculate a(4).
-10
Suppose -9*m = 11 - 20. Suppose a + 23 - 61 = -5*k, 8 = 2*k - 2*a. Let l(f) = -108*f**2 + 108*f**2 - k*f**3 + f - 1. Determine l(m).
-7
Let p(m) = -3*m - 94. Let h(i) = 3*i + 113. Let f(r) = 5*h(r) + 6*p(r). Give f(13).
-38
Let k(g) = 19*g - 154. Suppose 13*n - 263 = -159. What is k(n)?
-2
Let j(y) = y**3 - y - 3. Let u = 4450 + -4446. Let q be (2 + (-2 - 0))*1. Let c be q + u + 1 + -5. Determine j(c).
-3
Let g(j) be the third derivative of j**4/24 + j**2. Let x(r) = r**3 + r**2 + r + 3. Let t be x(3). Suppose -13*v - v - t = 0. What is g(v)?
-3
Let p(z) = z + 12 - 91 + 81 - 26*z**3. What is p(-1)?
27
Let y(v) = -3*v**3 + 4*v**2 + 44*v - 23. Let n(h) = 58*h**3 - 74*h**2 - 857*h + 437. Let u(k) = -2*n(k) - 39*y(k). Calculate u(8).
7
Let i(x) = -61*x + 65. Let c(a) = 146*a - 130. Let t(b) = 2*c(b) + 5*i(b). Calculate t(5).
0
Let c be ((-2)/(-5))/((-1)/5). Let q(p) = 4*p**3 + 59615 - 2*p**2 - 59614 + 5*p**3 + 2*p - 8*p**3. Determine q(c).
-19
Let j(s) be the first derivative of s**7/840 + s**6/45 - s**5/60 - 7*s**4/24 + 43*s**3/3 + 3. Let t(z) be the third derivative of j(z). Give t(-8).
9
Suppose -2*n + 2 = 2*n + 2*m, -5*n + 1 = 4*m. Let t(r) = n - r**3 + 8 + 5*r**2 - r - 18 + 5. Give t(4).
8
Let m(t) = -11*t**3 - 3*t**2 + 6*t + 9. Let x(f) = 8*f**3 + 2*f**2 - 4*f - 9. Let k(b) = -3*m(b) - 4*x(b). Give k(0).
9
Let v(q) = q**3 - 5*q**2 - 5*q - 8. Suppose -r - 27 = 4*o, 9*o + 6 = 6*o + 4*r. Let b be -3 - (18/(-10))/(o/(-30)). What is v(b)?
-2
Let o(r) = -r + 1. Let n(a) = 179 + 174 - 343. Let c(f) = -n(f) - 2*o(f). Calculate c(3).
-6
Let a(m) = 2*m**2 - 16*m + 12. Let n(r) = 5*r**2 - 34*r + 29. Let g(s) = -7*a(s) + 3*n(s). Calculate g(0).
3
Suppose 3*j = 4 + 2. Let w(x) = x**2 + 15*x + 39. Let r be w(-12).